ist the prime factors of m.
3
Let z(w) = -w**2 + 12*w + 9. List the prime factors of z(9).
2, 3
What are the prime factors of (-1 + 5 - (-378)/(-36))*-62?
13, 31
List the prime factors of 37*(-1 + 2) - 2.
5, 7
Suppose -61 = 7*o - 313. What are the prime factors of o?
2, 3
Let j be ((-18)/3)/(6/8). Let y be 1/4 - (-114)/j. Let r = -3 - y. What are the prime factors of r?
11
Suppose 0 = 2*c + 3*w - 217, 0*c - 5*w = 3*c - 328. What are the prime factors of c?
101
Suppose z = 2*b + 3, 2*b = 5*b - 4*z - 3. Let o(t) = -t**3 - 2*t**2 + 3*t - 1. Let s be o(b). What are the prime factors of 2*7 - (3 + s)?
2, 3
Let l = -21 + 51. What are the prime factors of l?
2, 3, 5
Let u(t) = -t**2 - 7*t + 6. Suppose 0*i + 22 = -5*c - 2*i, 26 = -5*c - i. What are the prime factors of u(c)?
2, 3
What are the prime factors of (45/(-25))/((-9)/60)?
2, 3
Let m(w) = 24*w**2 - w + 2. Let t be m(2). Let k be (t/(-30))/((-1)/5). List the prime factors of 18*(3 - k/6).
2, 3
Suppose 30 = 4*v + 6. What are the prime factors of v?
2, 3
Suppose 0 = 2*u + 2*u + 248. Let o = 98 + u. What are the prime factors of o?
2, 3
Suppose 0 = -7*m + 3*m + 96. Let a = m + -12. What are the prime factors of a?
2, 3
Suppose 0 = 2*k + k. Suppose k = p - 2 - 0. Suppose -p*q + 5*n = -0*n - 18, -30 = -5*q + 5*n. What are the prime factors of q?
2
Suppose -l - 23 = u - 205, 5*u = -l + 182. What are the prime factors of l?
2, 7, 13
Suppose 0 = -3*l + 6 - 0. Suppose -l*u - 18 = -5*u. What are the prime factors of u?
2, 3
Suppose -92 + 8 = -2*f. What are the prime factors of f?
2, 3, 7
Let k(y) = -25*y - 2. Let b = -10 - -9. What are the prime factors of k(b)?
23
Suppose 4*d - 2*u = 44, -2*d + 4*d + 2*u = 28. List the prime factors of (27/d + -2)*28.
7
Let l(s) = -17*s + 36. List the prime factors of l(-8).
2, 43
Let g = -45 + 79. List the prime factors of g.
2, 17
Let r be 2/(-4) - 4/(-8). Suppose 4*b - 3*b - 17 = -l, -l - 2 = r. List the prime factors of b.
19
Let i(u) = -39*u + 28. What are the prime factors of i(-11)?
457
Suppose -4 = 3*i + 2*o, -3*i + 3*o - 6*o - 6 = 0. Suppose 0 = -a - i*a + 29. Suppose 0 = 3*y - 5*z - a, -1 + 17 = -4*z. List the prime factors of y.
3
Let i(r) = r**3 + 6*r**2 + 9*r + 7. List the prime factors of i(-3).
7
Let b(s) = -s**3 + s**2 + s - 3. Let o be b(0). What are the prime factors of 14 - (o - -1*6)?
11
Let a(d) = 16*d**2 - d + 2. Let s be a(-2). Suppose -2*f + 2*t = -s, -5*f - 4*t + 161 = -0*f. What are the prime factors of f?
3, 11
Suppose 3*x - 46 = -7. List the prime factors of x.
13
Suppose -x + 2*l = -46, 2*l + 49 = -2*x + 153. List the prime factors of x.
2, 5
Suppose p + p - 30 = 0. Suppose -3*u - 5*b = -26, -3*u + p - 1 = 2*b. Suppose 7 = u*a - a. What are the prime factors of a?
7
Suppose 326 = 12*c - 106. What are the prime factors of c?
2, 3
Let p be (5/1)/((-1)/(-1)). Let c = p - 0. Suppose c*j + 4*q - 32 = 0, -4*j = 2*q - 0*q - 22. List the prime factors of j.
2
Let z(i) = 18*i**3 + 2*i + 1. What are the prime factors of z(2)?
149
Suppose -3*s + 20 + 19 = 0. Suppose -o + x = -3, -4*x + s = 3*o - 10. Suppose -4*b - 5*r + 5 = -4, -2*b - o*r = 3. List the prime factors of b.
2, 3
Let a = 94 + -10. List the prime factors of a.
2, 3, 7
Let a = 141 + -24. What are the prime factors of a?
3, 13
Let u be 0 + 8 + (-4)/(-2). Let q = -13 - -10. Let r = u + q. What are the prime factors of r?
7
Let w(t) = -t**3 + 9*t**2 + 9. Let f = -3 + 4. Let l(g) = 10*g**2 - 2*g + 1. Let d be l(f). List the prime factors of w(d).
3
Suppose 0 = -3*h + c - 10, 3*h - 5*c = -0*c - 26. Let m(l) = -3*l**3 + l + 1. What are the prime factors of m(h)?
23
What are the prime factors of (29/(-4))/(12/(-48))?
29
Let b be (-7)/(-42) + 19/(-6). What are the prime factors of 4/b*9/(-3)?
2
Let b be 2/(-6) + 440/24. Suppose b = 2*j + 4. List the prime factors of j.
7
Suppose 0 = -10*q + 5*q + 25. Suppose q - 3 = z. Suppose 4*f - z*f = 4. List the prime factors of f.
2
Suppose 4*y = y + 9. Let v = 7 - y. What are the prime factors of (v - 1) + (1 - 1)?
3
Let u(o) = 6*o**3 - o**2. Let w be u(1). Suppose 3*n + 2 = w*h + 2*n, 8 = -4*n. Suppose h = -4*c + 18 + 22. List the prime factors of c.
2, 5
Let g(w) = -w**3 - 4*w**2 + 6*w - 3. Let t be g(-5). Let x(n) = -n + 1. Let h(p) = -9*p - 6. Let s(m) = h(m) - 6*x(m). What are the prime factors of s(t)?
2, 3
What are the prime factors of (8 - 8/4) + 1?
7
Let x be -3*(-2 - -3) + 0. Let f = -2 - x. What are the prime factors of (1/(-2))/(f/(-12))?
2, 3
Suppose 4*r - 33 - 15 = 0. Suppose -28 = -4*u - r. Suppose 6*k - 5*k = u. List the prime factors of k.
2
Suppose -8 = 4*h + 4. Let f be ((-18)/15)/(h/20). Suppose -f*q + 4*q = -40. List the prime factors of q.
2, 5
Suppose 0 = j - 4*w + 18, 0 = 3*j - 3*w + 7 + 2. Let q be (-35)/2 + 2/(-4). List the prime factors of q/10*(-10)/j.
3
Suppose 2*d = 0, -2 = -3*q - 5*d + 7. Suppose 8 - 35 = -q*z. What are the prime factors of z?
3
Suppose 4*c + 7 = -5*y, c - 8 + 36 = 4*y. Let i = c - -20. What are the prime factors of 140/i + 4/(-6)?
11
Suppose -i + 4 = -m + 2*i, -i = -5*m - 76. Let s = m - -24. List the prime factors of s.
2
Suppose -4*a - 3*a + 644 = 0. List the prime factors of a.
2, 23
Suppose 0 = -j - 3*r - 7, -4*j + r + 24 = -0*j. Let q be 19/j - 3/(-15). List the prime factors of ((-6)/q)/(3/(-28)).
2, 7
Suppose 4 = -d + 5*d, j - 4*d - 36 = 0. Let f = j + -12. What are the prime factors of f?
2, 7
Suppose 0 + 2 = r - 5*c, 8 = 4*r - 2*c. Suppose 0 = r*y + 6, 5*w - 2*y - 144 = -4*y. List the prime factors of w.
2, 3, 5
Let f(y) = -y**2 + 11*y + 4. Let z be f(11). List the prime factors of 56/z + 2*1.
2
Suppose -3*l + 414 = 3*l. What are the prime factors of l?
3, 23
List the prime factors of (-2)/2 - 48/(-1).
47
Suppose -t + 21 = -z, 0*t - t + 5*z = -25. List the prime factors of t.
2, 5
Suppose -2 + 0 = w. List the prime factors of w/(-4)*(-58)/(-1).
29
Let t(s) = -5*s - 1. Let i(z) = -13*z + 5. Let n(u) = -7*u + 3. Let v(h) = -3*i(h) + 5*n(h). Let g(f) = -5*t(f) - 6*v(f). List the prime factors of g(6).
11
Let k = 7 + 39. What are the prime factors of k?
2, 23
Let r(o) = o**2 - o + 28. List the prime factors of r(0).
2, 7
Suppose -5*j + 11 = -4. Suppose g = j, -3*d = -5*d - 5*g + 25. Suppose q + 12 = d*q. List the prime factors of q.
3
Let h be 7/3 - (-4)/6. What are the prime factors of 32 - 4/(4/h)?
29
What are the prime factors of (30 - 26) + 1/(1/360)?
2, 7, 13
Let w be 2 + -2 - (1 - 1). Suppose -s + 4 = -w*s. Suppose s*f + 7 = 5*f. List the prime factors of f.
7
Suppose 2*r - 5*r = -201. What are the prime factors of r?
67
Suppose -y - 4*y + m + 13 = 0, 3*m = 2*y - 13. Suppose 0 = -b + y*b - 6. List the prime factors of b.
2, 3
Let s(v) = -v**3 + 4*v**2 + 5*v. Let o be s(5). Suppose 5*u + 3*q + 25 = o, 5*u + 0*q + 25 = -q. Let w = u - -8. List the prime factors of w.
3
Suppose -c + 24 + 66 = 0. What are the prime factors of c?
2, 3, 5
Suppose 720 = 8*v + v. What are the prime factors of v?
2, 5
Let j(x) = -x**3 + 5*x**2 + 3*x + 3. Let w be j(6). Let l = 29 + w. What are the prime factors of l?
2, 7
Let r be 1/1*4 - 1. Suppose -25 + 85 = r*s. List the prime factors of s.
2, 5
Let c be 2/(-3)*54/12. List the prime factors of (c + -7 + 3)*-4.
2, 7
List the prime factors of -2*1 + 76 + -3.
71
Let z be 6/2 + -21 + -4. Suppose 2*c - 2*t = -0*t - 68, -t - 110 = 3*c. Let r = z - c. What are the prime factors of r?
2, 7
Let q(w) = -2*w + 83. List the prime factors of q(0).
83
Let f be (-8)/(-3)*(-3)/(-2). Suppose -4*t + 1 + 3 = 2*n, 0 = f*n - t - 35. What are the prime factors of n?
2
Suppose -3*n + 11 = -2*b, 2*b + 12 = -2*b + 4*n. Let l(x) = -x**2 + 2*x + 13 + 4*x - 16. List the prime factors of l(b).
5
Suppose -3*f + 5*x - 5 = -1, 5*x - 46 = -3*f. Let i = f - 10. List the prime factors of (1*18)/(4 + i).
2, 3
Let b be ((-14)/4)/(5/10). Let c = 13 + b. Suppose 2*u = c + 16. List the prime factors of u.
11
Suppose 2*h + 195 = -3*h. Let i = 11 + h. List the prime factors of (6/8)/((-7)/i).
3
Suppose -4*h - 4*b = -124, -2*b = 3*b - 10. List the prime factors of h.
29
Let c(v) = 34*v - 20. List the prime factors of c(8).
2, 3, 7
Let c be -4*1/(-2)*-6. Let b = 26 + c. What are the prime factors of b?
2, 7
Let o be (-27)/3*14/6. Let b be 15/(-21) - (-6)/o. What are the prime factors of (b + -8)*(-2 - -1)?
3
L